{"id":1329,"date":"2022-01-26T09:17:04","date_gmt":"2022-01-26T09:17:04","guid":{"rendered":"https:\/\/wasquehalbridge.com\/?page_id=1329"},"modified":"2023-09-07T17:32:36","modified_gmt":"2023-09-07T17:32:36","slug":"en-face-du-mort","status":"publish","type":"page","link":"https:\/\/wasquehalbridge.com\/index.php\/documents-utiles\/en-face-du-mort\/","title":{"rendered":"En face du mort"},"content":{"rendered":"<p><img fetchpriority=\"high\" decoding=\"async\" class=\"alignnone wp-image-2499\" src=\"https:\/\/wasquehalbridge.com\/wp-content\/uploads\/2022\/12\/strategie-objectif.jpg\" alt=\"\" width=\"528\" height=\"297\" srcset=\"https:\/\/wasquehalbridge.com\/wp-content\/uploads\/2022\/12\/strategie-objectif.jpg 700w, https:\/\/wasquehalbridge.com\/wp-content\/uploads\/2022\/12\/strategie-objectif-300x169.jpg 300w\" sizes=\"(max-width: 528px) 100vw, 528px\" \/><\/p>\n<h2><span style=\"color: #ff0000;\"><strong>Objectif : R\u00e9ussir son contrat<\/strong><\/span><\/h2>\n<p>&nbsp;<\/p>\n<p>Vous trouverez sur cette page des documents relatifs au jeu de la carte en face du mort (cliquez sur les <span style=\"color: #0000ff;\">liens en bleu<\/span>).<\/p>\n<p>Ces articles sont tous issus de la revue \u00ab l\u2019As de Tr\u00e8fle \u00bb, et ses auteurs sont :<br \/>\nMarc KERLERO &#8211; Vincent COMBEAU &#8211; Daniel PALADINO &#8211; Norbert LEBELY &#8211; Michel BESSIS &#8211; Fr\u00e9d\u00e9ric VOLCKER &#8211; Jean Pierre DESMOULINS &#8211; Pierre SAPORTA &#8211; Jean Christophe QUANTIN &#8211; Wilfried LIBBRECHT &#8211; Jean-Paul BALIAN \u2013 Fran\u00e7ois COMBESCURE<\/p>\n<p>&nbsp;<\/p>\n<h2>Impasses, Maniements, Chances multiples<\/h2>\n<ul>\n<li><strong>Planifier<\/strong> dans un contrat <strong>\u00e0 Sans-Atout<\/strong> :\u00a0 <em><em><em><a href=\"https:\/\/wasquehalbridge.com\/wp-content\/uploads\/2022\/04\/Le-Plan-de-Jeu-a-SA-AdT3-Mai-2008.pdf\" target=\"_blank\" rel=\"noopener\"><span style=\"color: #0000ff;\">Le <strong>Plan de Jeu \u00e0 SA<\/strong> &#8211; AdT3, Mai 2008<\/span><\/a> \u00a0<\/em><\/em><\/em><em><em>\u00a0\u00a0<\/em><\/em><\/li>\n<li>La <strong>r\u00e8gle de 7-9-11<\/strong> : va-t-on faire l\u2019impasse ou tirer en t\u00eate ?\u00a0 <em><em><em><em><em><a style=\"color: #0000ff;\" href=\"https:\/\/wasquehalbridge.com\/wp-content\/uploads\/2022\/04\/Faire-limpasse-ou-Jouer-en-Tete-7-9-11-AdT39-Mai-2020.pdf\" target=\"_blank\" rel=\"noopener\"><span style=\"color: #0000ff;\"><strong>Impasse ou Jeu en T\u00eate<\/strong> (7-9-11) AdT39, Mai 2020<\/span><\/a> \u00a0<\/em><\/em><\/em><\/em><\/em><em><em><em><em>\u00a0\u00a0<\/em><\/em><\/em><\/em><\/li>\n<li>Quand la r\u00e9ussite n&rsquo;est qu&rsquo;une <strong>question d\u2019impasse<\/strong>(s) \u2026\u00a0 <em><em><em><a style=\"color: #0000ff;\" href=\"https:\/\/wasquehalbridge.com\/wp-content\/uploads\/2022\/04\/Les-Jeux-dIMPASSE-AdT20-Janvier-2014.pdf\" target=\"_blank\" rel=\"noopener\"><span style=\"color: #0000ff;\">Les <strong>jeux d&rsquo;IMPASSE<\/strong> -AdT20, Janvier 2014<\/span><\/a> \u00a0<\/em><\/em><\/em><\/li>\n<li>Quand \u00e7a va mal, <strong>esp\u00e9rer le meilleur<\/strong> <strong>:<\/strong> ce qui doit \u00eatre \u2026 sera !\u00a0 <em><em><em><em><a style=\"color: #0000ff;\" href=\"https:\/\/wasquehalbridge.com\/wp-content\/uploads\/2022\/04\/Maniements-de-Necessite-AdT35-Janvier-2019.pdf\" target=\"_blank\" rel=\"noopener\"><span style=\"color: #0000ff;\">Maniements de <strong>N\u00e9cessit\u00e9<\/strong> AdT35, Janvier 2019<\/span><\/a> <\/em><\/em><\/em><\/em><\/li>\n<li>Quand \u00e7a va bien, <strong>craindre le pire : <\/strong>mieux vaut pr\u00e9voir \u2026 que pleurer !\u00a0 <em><em><em><em><a href=\"https:\/\/wasquehalbridge.com\/wp-content\/uploads\/2022\/04\/Maniements-de-securite-AdT27-Mai-2016.pdf\" target=\"_blank\" rel=\"noopener\"><span style=\"color: #0000ff;\">Maniements de <strong>s\u00e9curit\u00e9<\/strong> &#8211; AdT27, Mai 2016<\/span><\/a>\u00a0\u00a0<\/em><\/em><\/em><\/em><\/li>\n<li>Ne <strong>pas<\/strong> mettre <strong>tous<\/strong> ses \u0153ufs dans le <strong>m\u00eame panier<\/strong> :\u00a0 <em><a href=\"https:\/\/wasquehalbridge.com\/wp-content\/uploads\/2022\/04\/Cumul-des-chances-AdT18-Mai-2013.pdf\" target=\"_blank\" rel=\"noopener\"><span style=\"color: #0000ff;\"><strong>Cumul<\/strong> <strong>des chances<\/strong> &#8211; AdT18, Mai 2013<\/span><\/a><br \/>\n<\/em><\/li>\n<\/ul>\n<ul>\n<li><strong>Faire chanter<\/strong> (pi\u00e9ger) <strong>l&rsquo;adversaire<\/strong> : le <strong>contretemps,<\/strong> en face du mort !\u00a0 <span style=\"color: #0000ff;\"><a style=\"color: #0000ff;\" href=\"https:\/\/wasquehalbridge.com\/wp-content\/uploads\/2023\/09\/Le-contretemps-en-face-du-mort-AdT47.pdf\" target=\"_blank\" rel=\"noopener\">Le-contretemps-en-face-du-mort-AdT47.pdf<\/a><br \/>\n<\/span><\/li>\n<\/ul>\n<h2>Contrats \u00e0 Sans-atout<\/h2>\n<ul>\n<li><strong>Planifier<\/strong> dans un contrat <strong>\u00e0 Sans-Atout<\/strong> :\u00a0 <em><em><em><em><em><a href=\"https:\/\/wasquehalbridge.com\/wp-content\/uploads\/2022\/04\/Le-Plan-de-Jeu-a-SA-AdT3-Mai-2008.pdf\" target=\"_blank\" rel=\"noopener\"><span style=\"color: #0000ff;\">Le <strong>Plan de Jeu \u00e0 SA<\/strong> &#8211; AdT3, Mai 2008<\/span><\/a><\/em><\/em><\/em><\/em><\/em><\/li>\n<li>Contrat \u00e0 Sans-Atout : l\u2019adversaire <strong>dangereux<\/strong> (ne surtout pas lui donner la main) :<br \/>\n<em><em><em><em><a style=\"color: #0000ff;\" href=\"https:\/\/wasquehalbridge.com\/wp-content\/uploads\/2022\/04\/Ladversaire-dangereux-a-Sans-Atout-AdT33-Mai-2018.pdf\" target=\"_blank\" rel=\"noopener\"><span style=\"color: #0000ff;\">L\u2019adversaire <strong>dangereux \u00e0 Sans-Atout<\/strong> &#8211; AdT33, Mai 2018<\/span><\/a><\/em><\/em><\/em><\/em><\/li>\n<li>Pas de temps \u00e0 perdre (<strong>urgences et priorit\u00e9s<\/strong>) :\u00a0 <em><em><em><em><span style=\"color: #0000ff;\"><span style=\"color: #0000ff;\"><span style=\"color: #0000ff;\"><span style=\"color: #0000ff;\"><span style=\"color: #0000ff;\"><a style=\"color: #0000ff;\" href=\"https:\/\/wasquehalbridge.com\/wp-content\/uploads\/2022\/04\/La-Course-de-Vitesse-a-Sans-Atout-AdT31-Septembre-2017.pdf\" target=\"_blank\" rel=\"noopener\">La <strong>Course de Vitesse<\/strong> \u00e0 Sans-Atout &#8211; AdT31, Septembre 2017<\/a><\/span><\/span><\/span><\/span><\/span><\/em><\/em><\/em><\/em><\/li>\n<li>Un <strong>blocage ?\u00a0 <\/strong>Le rep\u00e9rer, le d\u00e9bloquer !\u00a0 <em><a style=\"color: #0000ff;\" href=\"https:\/\/wasquehalbridge.com\/wp-content\/uploads\/2022\/04\/Surmonter-un-Blocage-AdT29-Janvier-2016.pdf\" target=\"_blank\" rel=\"noopener\"><strong>Surmonter un Blocage<\/strong> &#8211; AdT29, Janvier 2016<\/a>\u00a0<\/em><\/li>\n<li><strong>Pi\u00e9ger<\/strong> l&rsquo;adversaire par une <strong>remise en main \u00e0 SA<\/strong> au pire moment pour lui :\u00a0 <span style=\"color: #0000ff;\"><a style=\"color: #0000ff;\" href=\"https:\/\/wasquehalbridge.com\/wp-content\/uploads\/2023\/09\/Le-placement-de-main-a-Sans-atout-AdT49.pdf\" target=\"_blank\" rel=\"noopener\">Le-placement-de-main-a-Sans-atout-AdT49.pdf<\/a> \u00a0<\/span><\/li>\n<li><\/li>\n<\/ul>\n<h2>Contrats \u00e0 la couleur<\/h2>\n<ul>\n<li><strong>Planifier<\/strong> dans un contrat <strong>\u00e0 l\u2019atout<\/strong> :\u00a0 <em><em><em><em><em><em><a href=\"https:\/\/wasquehalbridge.com\/wp-content\/uploads\/2022\/04\/Le-Plan-de-Jeu-a-la-Couleur-AdT4-Septembre-2008.pdf\" target=\"_blank\" rel=\"noopener\"><span style=\"color: #0000ff;\">Le <strong>Plan de Jeu \u00e0 la Couleur<\/strong> &#8211; AdT4, Septembre 2008<\/span><\/a><\/em><\/em><\/em><\/em><\/em><\/em><\/li>\n<li>Contrat \u00e0 l\u2019atout : l\u2019adversaire <strong>dangereux<\/strong> (celui \u00e0 qui il ne faut pas donner la main) :<br \/>\n<a style=\"color: #0000ff;\" href=\"https:\/\/wasquehalbridge.com\/wp-content\/uploads\/2022\/04\/Ladversaire-dangereux-a-la-Couleur-AdT21-Mai-2014.pdf\" target=\"_blank\" rel=\"noopener\"><em>L\u2019adversaire <strong>dangereux \u00e0 la Couleur<\/strong> &#8211; AdT21, Mai 2014<\/em><\/a><\/li>\n<li>Davantage de plis <strong>en coupant du c\u00f4t\u00e9 court :\u00a0 <\/strong><em><em><em><em><em><span style=\"color: #0000ff;\"><a style=\"color: #0000ff;\" href=\"https:\/\/wasquehalbridge.com\/wp-content\/uploads\/2022\/04\/Coupe-du-Cote-Court-AdT25-Septembre-2015.pdf\" target=\"_blank\" rel=\"noopener\"><strong>Coupes du C\u00f4t\u00e9 Court<\/strong> &#8211; AdT25, Septembre 2015<\/a><\/span><\/em><\/em><\/em><\/em><\/em><\/li>\n<li>Davantage de plis <strong>en coupant du c\u00f4t\u00e9 long<\/strong> (faire un TROM \ud83d\ude0a) :\u00a0 <em><em><em><em><em><a href=\"https:\/\/wasquehalbridge.com\/wp-content\/uploads\/2022\/04\/Le-mort-inverse-AdT43-Septembre-2021.pdf\" target=\"_blank\" rel=\"noopener\"><span style=\"color: #0000ff;\">Le <strong>mort invers\u00e9<\/strong> &#8211; AdT43, Septembre 2021<\/span><\/a><\/em><\/em><\/em><\/em><\/em><\/li>\n<li>Jouer \u00e0 \u00ab\u00a0<strong>coupe-coupe<\/strong>\u00a0\u00bb (faire des coupes crois\u00e9es) :\u00a0 <em><em><em><em><a href=\"https:\/\/wasquehalbridge.com\/wp-content\/uploads\/2022\/04\/La-Double-Coupe-AdT41-Janvier-2021.pdf\" target=\"_blank\" rel=\"noopener\"><span style=\"color: #0000ff;\">La <strong>Double Coupe<\/strong> &#8211; AdT41, Janvier 2021<\/span><\/a><\/em><\/em><\/em><\/em><\/li>\n<li>Passer <strong>par-dessus un adversaire<\/strong> pour \u00e9viter de faire couper :\u00a0 <em><em><em><em><a href=\"https:\/\/wasquehalbridge.com\/wp-content\/uploads\/2022\/04\/Le-LOB-AdT40-Septembre-2020.pdf\" target=\"_blank\" rel=\"noopener\"><span style=\"color: #0000ff;\">Le <strong>LOB<\/strong> &#8211; AdT40, Septembre 2020<\/span><\/a><\/em><\/em><\/em><\/em><\/li>\n<li><strong>Lib\u00e9rer une longue<\/strong> situ\u00e9e c\u00f4t\u00e9 court des atouts :\u00a0 <em><em><em><em><em><a style=\"color: #0000ff;\" href=\"https:\/\/wasquehalbridge.com\/wp-content\/uploads\/2022\/04\/Affranchir-une-CL-du-mort-AdT39-Mai-2020.pdf\" target=\"_blank\" rel=\"noopener\"><span style=\"color: #0000ff;\"><strong>Affranchir une Longue<\/strong> du mort AdT39, Mai 2020<\/span><\/a><\/em><\/em><\/em><\/em><\/em><\/li>\n<li>Garder la donne \u00ab\u00a0<strong>sous contr\u00f4le<\/strong>\u00a0\u00bb de nos atouts :\u00a0 <em><em><em><em><a href=\"https:\/\/wasquehalbridge.com\/wp-content\/uploads\/2022\/04\/Le-controle-de-latout-AdT37-Septembre-2019.pdf\" target=\"_blank\" rel=\"noopener\"><span style=\"color: #0000ff;\">Le <strong>contr\u00f4le de l&rsquo;atout<\/strong>-AdT37, Septembre 2019<\/span><\/a><\/em><\/em><\/em><\/em><\/li>\n<li><strong>Couper<\/strong> dans une couleur <strong>sans courte<\/strong> \ud83d\ude0a\u00a0:\u00a0 <em><em><em><em><em><span style=\"color: #0000ff;\"><a style=\"color: #0000ff;\" href=\"https:\/\/wasquehalbridge.com\/wp-content\/uploads\/2022\/04\/La-Manoeuvre-de-GUILLEMARD-AdT23-Janvier-2015.pdf\" target=\"_blank\" rel=\"noopener\">La Man\u0153uvre de <strong>GUILLEMARD<\/strong> &#8211; AdT23, Janvier 2015<\/a><\/span><\/em><\/em><\/em><\/em><\/em><\/li>\n<li>Remise en main de l\u2019adversaire, et l&rsquo;obliger \u00e0 nous<strong> faire un cadeau :\u00a0 <\/strong><em><em><span style=\"color: #0000ff;\"><a style=\"color: #0000ff;\" href=\"https:\/\/wasquehalbridge.com\/wp-content\/uploads\/2022\/04\/Jeux-dElimination-AdT16-Septembre-2012.pdf\" target=\"_blank\" rel=\"noopener\">Jeux <strong>d&rsquo;Elimination<\/strong> &#8211; AdT16, Septembre 2012<\/a>\u00a0<\/span><\/em><\/em><\/li>\n<\/ul>\n","protected":false},"excerpt":{"rendered":"<p>Objectif : R\u00e9ussir son contrat &nbsp; Vous trouverez sur cette page des documents relatifs au jeu de la carte en face du mort (cliquez sur les liens en bleu). Ces articles sont tous issus de la revue \u00ab l\u2019As de Tr\u00e8fle \u00bb, et ses auteurs sont : Marc KERLERO &#8211; Vincent COMBEAU &#8211; Daniel PALADINO<br \/><a class=\"moretag\" href=\"https:\/\/wasquehalbridge.com\/index.php\/documents-utiles\/en-face-du-mort\/\">+ Read More<\/a><\/p>\n","protected":false},"author":1,"featured_media":0,"parent":467,"menu_order":0,"comment_status":"closed","ping_status":"closed","template":"templates\/page-fullwidth_template.php","meta":{"footnotes":""},"class_list":["post-1329","page","type-page","status-publish","hentry"],"_links":{"self":[{"href":"https:\/\/wasquehalbridge.com\/index.php\/wp-json\/wp\/v2\/pages\/1329","targetHints":{"allow":["GET"]}}],"collection":[{"href":"https:\/\/wasquehalbridge.com\/index.php\/wp-json\/wp\/v2\/pages"}],"about":[{"href":"https:\/\/wasquehalbridge.com\/index.php\/wp-json\/wp\/v2\/types\/page"}],"author":[{"embeddable":true,"href":"https:\/\/wasquehalbridge.com\/index.php\/wp-json\/wp\/v2\/users\/1"}],"replies":[{"embeddable":true,"href":"https:\/\/wasquehalbridge.com\/index.php\/wp-json\/wp\/v2\/comments?post=1329"}],"version-history":[{"count":53,"href":"https:\/\/wasquehalbridge.com\/index.php\/wp-json\/wp\/v2\/pages\/1329\/revisions"}],"predecessor-version":[{"id":2877,"href":"https:\/\/wasquehalbridge.com\/index.php\/wp-json\/wp\/v2\/pages\/1329\/revisions\/2877"}],"up":[{"embeddable":true,"href":"https:\/\/wasquehalbridge.com\/index.php\/wp-json\/wp\/v2\/pages\/467"}],"wp:attachment":[{"href":"https:\/\/wasquehalbridge.com\/index.php\/wp-json\/wp\/v2\/media?parent=1329"}],"curies":[{"name":"wp","href":"https:\/\/api.w.org\/{rel}","templated":true}]}}