{"id":1426,"date":"2022-02-07T15:46:12","date_gmt":"2022-02-07T15:46:12","guid":{"rendered":"https:\/\/wasquehalbridge.com\/?page_id=1426"},"modified":"2025-07-02T17:34:43","modified_gmt":"2025-07-02T17:34:43","slug":"la-vie-du-club-au-jour-le-jour","status":"publish","type":"page","link":"https:\/\/wasquehalbridge.com\/index.php\/la-vie-du-club-au-jour-le-jour\/","title":{"rendered":"La vie du club au jour le jour"},"content":{"rendered":"<p><em><strong><img fetchpriority=\"high\" decoding=\"async\" class=\"alignnone wp-image-2835\" src=\"https:\/\/wasquehalbridge.com\/wp-content\/uploads\/2023\/09\/lundi-mardi-mercredi-jeudi-vendredi-samedi-dimanche.jpg.png\" alt=\"\" width=\"434\" height=\"433\" srcset=\"https:\/\/wasquehalbridge.com\/wp-content\/uploads\/2023\/09\/lundi-mardi-mercredi-jeudi-vendredi-samedi-dimanche.jpg.png 650w, https:\/\/wasquehalbridge.com\/wp-content\/uploads\/2023\/09\/lundi-mardi-mercredi-jeudi-vendredi-samedi-dimanche.jpg-300x300.png 300w, https:\/\/wasquehalbridge.com\/wp-content\/uploads\/2023\/09\/lundi-mardi-mercredi-jeudi-vendredi-samedi-dimanche.jpg-150x150.png 150w\" sizes=\"(max-width: 434px) 100vw, 434px\" \/><\/strong><\/em><\/p>\n<p><em><strong>LUNDI<\/strong><\/em><strong><br \/>\n<\/strong>\u2013 9h30 : \u00c9cole de Bridge<br \/>\n\u2013<strong> 14h00 : Tournois de r\u00e9gularit\u00e9<\/strong><br \/>\n\u2022 Tournoi A (1\u00e8re et 2\u00e8me s\u00e9ries)<br \/>\n\u2022 Tournoi B (3\u00e8me et 4\u00e8me s\u00e9ries)<\/p>\n<p><em><strong>MARDI<\/strong><\/em><strong><br \/>\n<\/strong>\u2013 9h30 : \u00c9cole de Bridge<br \/>\n\u2013 <strong>14h00 : Tournois de r\u00e9gularit\u00e9 A et B<br \/>\n<\/strong>\u2013 19h30 : \u00c9cole de Bridge<strong><br \/>\n<\/strong><\/p>\n<p><em><strong>MERCREDI<br \/>\n<\/strong><\/em>\u2013 9h30 : Parties Libres avec animateurs<strong><br \/>\n<\/strong><strong>\u2013 14h00 : Tournoi de r\u00e9gularit\u00e9 (tous niveaux)<\/strong><br \/>\n\u2013 19h30 : \u00c9cole de Bridge<\/p>\n<p><em><strong>JEUDI<\/strong><\/em><strong><br \/>\n<\/strong>\u2013 9h30 : Parties Libres avec animateurs<strong><br \/>\n\u2013 14h00 : Tournois de r\u00e9gularit\u00e9 A et B<\/strong><\/p>\n<p><em><strong>VENDREDI<\/strong><\/em><strong><br \/>\n<\/strong>\u2013 9h30 : \u00c9cole de Bridge<br \/>\n\u2013 9h30 : Parties Encadr\u00e9es (TAXI)<br \/>\n<b> \u2013 14h00 : Tournoi de r\u00e9gularit\u00e9 (tous niveaux)<\/b><br \/>\n<b> \u2013 20h00 : Tournoi de r\u00e9gularit\u00e9 <\/b>avec interm\u00e8de festif type \u00ab\u00a0Auberge Espagnole\u00a0\u00bb<br \/>\n<em>Pour y participer, contactez au pr\u00e9alable Mr Lefebvre, au : 06 15 92 79 34<\/em><\/p>\n<p><em><strong>NOS TARIFS<\/strong><\/em><strong><br \/>\n<\/strong>Cotisation club : 55 \u20ac (40 \u20ac pour les \u00e9l\u00e8ves)<br \/>\n<span style=\"color: #0000ff;\">Licence FFB : <strong>50<\/strong> \u20ac<\/span><br \/>\nDroit de table par joueur :<strong><br \/>\n\u2013 Tournois de r\u00e9gularit\u00e9 : 5 \u20ac <\/strong>(Non adh\u00e9rents 7 \u20ac)<strong><br \/>\n<\/strong>\u2013 Parties libres, parties encadr\u00e9es \u00ab\u00a0Taxi\u00a0\u00bb : 2 \u20ac<strong><br \/>\n<\/strong><\/p>\n","protected":false},"excerpt":{"rendered":"<p>LUNDI \u2013 9h30 : \u00c9cole de Bridge \u2013 14h00 : Tournois de r\u00e9gularit\u00e9 \u2022 Tournoi A (1\u00e8re et 2\u00e8me s\u00e9ries) \u2022 Tournoi B (3\u00e8me et 4\u00e8me s\u00e9ries) MARDI \u2013 9h30 : \u00c9cole de Bridge \u2013 14h00 : Tournois de r\u00e9gularit\u00e9 A et B \u2013 19h30 : \u00c9cole de Bridge MERCREDI \u2013 9h30 : Parties Libres<br \/><a class=\"moretag\" href=\"https:\/\/wasquehalbridge.com\/index.php\/la-vie-du-club-au-jour-le-jour\/\">+ Read More<\/a><\/p>\n","protected":false},"author":1,"featured_media":0,"parent":0,"menu_order":0,"comment_status":"closed","ping_status":"closed","template":"templates\/page-fullwidth_template.php","meta":{"footnotes":""},"class_list":["post-1426","page","type-page","status-publish","hentry"],"_links":{"self":[{"href":"https:\/\/wasquehalbridge.com\/index.php\/wp-json\/wp\/v2\/pages\/1426","targetHints":{"allow":["GET"]}}],"collection":[{"href":"https:\/\/wasquehalbridge.com\/index.php\/wp-json\/wp\/v2\/pages"}],"about":[{"href":"https:\/\/wasquehalbridge.com\/index.php\/wp-json\/wp\/v2\/types\/page"}],"author":[{"embeddable":true,"href":"https:\/\/wasquehalbridge.com\/index.php\/wp-json\/wp\/v2\/users\/1"}],"replies":[{"embeddable":true,"href":"https:\/\/wasquehalbridge.com\/index.php\/wp-json\/wp\/v2\/comments?post=1426"}],"version-history":[{"count":27,"href":"https:\/\/wasquehalbridge.com\/index.php\/wp-json\/wp\/v2\/pages\/1426\/revisions"}],"predecessor-version":[{"id":3737,"href":"https:\/\/wasquehalbridge.com\/index.php\/wp-json\/wp\/v2\/pages\/1426\/revisions\/3737"}],"wp:attachment":[{"href":"https:\/\/wasquehalbridge.com\/index.php\/wp-json\/wp\/v2\/media?parent=1426"}],"curies":[{"name":"wp","href":"https:\/\/api.w.org\/{rel}","templated":true}]}}