{"id":2011,"date":"2022-07-11T12:27:27","date_gmt":"2022-07-11T12:27:27","guid":{"rendered":"https:\/\/wasquehalbridge.com\/?page_id=2011"},"modified":"2024-09-07T08:16:03","modified_gmt":"2024-09-07T08:16:03","slug":"le-coin-du-grand-debutant","status":"publish","type":"page","link":"https:\/\/wasquehalbridge.com\/index.php\/le-coin-du-grand-debutant\/","title":{"rendered":"Novices &#038; Grands D\u00e9butants"},"content":{"rendered":"<h3><img fetchpriority=\"high\" decoding=\"async\" class=\"alignnone size-full wp-image-2506\" src=\"https:\/\/wasquehalbridge.com\/wp-content\/uploads\/2022\/12\/De-quoi-lire-3.jpg\" alt=\"\" width=\"650\" height=\"300\" srcset=\"https:\/\/wasquehalbridge.com\/wp-content\/uploads\/2022\/12\/De-quoi-lire-3.jpg 650w, https:\/\/wasquehalbridge.com\/wp-content\/uploads\/2022\/12\/De-quoi-lire-3-300x138.jpg 300w\" sizes=\"(max-width: 650px) 100vw, 650px\" \/><\/h3>\n<h3><span style=\"color: #0000ff;\"><strong>Vous ne connaissez rien au<\/strong> jeu de bridge ? \u2026<\/span><br \/>\nRien du tout ?<br \/>\nAlors bienvenue \ud83d\ude0a ! &#8230;\u00a0 et voici quelques vid\u00e9os et documents pour vous initier :<\/h3>\n<p>&nbsp;<\/p>\n<h3><span style=\"color: #ff0000;\">1\u00b0)\u00a0<\/span> Vous pouvez visionner ce <span style=\"color: #ff0000;\"><strong>tuto interactif<\/strong> <\/span>gratuit<\/h3>\n<p>(propos\u00e9 par l&rsquo;Universit\u00e9 du Bridge) et ainsi jouer <strong>vos toutes premi\u00e8res donnes<\/strong> !<br \/>\n<img decoding=\"async\" class=\"alignnone size-full wp-image-2295\" src=\"https:\/\/wasquehalbridge.com\/wp-content\/uploads\/2022\/09\/176421780_4024302744301521_7115234199800137035_n.png\" alt=\"\" width=\"562\" height=\"287\" srcset=\"https:\/\/wasquehalbridge.com\/wp-content\/uploads\/2022\/09\/176421780_4024302744301521_7115234199800137035_n.png 562w, https:\/\/wasquehalbridge.com\/wp-content\/uploads\/2022\/09\/176421780_4024302744301521_7115234199800137035_n-300x153.png 300w\" sizes=\"(max-width: 562px) 100vw, 562px\" \/><br \/>\nCliquez sur ce lien :\u00a0 <strong><span style=\"color: #ff0000;\"><a style=\"color: #ff0000;\" href=\"https:\/\/worldofbridge.ffbridge.fr\/\" target=\"_blank\" rel=\"noopener\">https:\/\/worldofbridge.ffbridge.fr\/<\/a> \u00a0<\/span><\/strong><\/p>\n<p>&nbsp;<\/p>\n<p>&nbsp;<\/p>\n<h3><span style=\"color: #0000ff;\">2\u00b0)\u00a0<\/span> Voici une <span style=\"color: #0000ff;\">premi\u00e8re <\/span><strong>s\u00e9rie<\/strong> de <span style=\"color: #0000ff;\"><strong>8<\/strong> vid\u00e9os<\/span> remarquables,<\/h3>\n<p>con\u00e7ues par Vincent COMBEAU (Directeur National P\u00e9dagogique au sein de la F\u00e9d\u00e9ration Fran\u00e7aise de Bridge),<br \/>\net r\u00e9alis\u00e9es par \u00a0\u00ab\u00a0<em>Minute facile<\/em>\u00a0\u00bb de\u00a0<em>M6<\/em>, o\u00f9 sont abord\u00e9s en douceur et point par point les principales caract\u00e9ristiques du jeu de bridge . Cette s\u00e9rie vous prouvera d&rsquo;ailleurs que le bridge est un jeu aux r\u00e8gles vraiment simples, contrairement aux rumeurs que vous avez peut-\u00eatre entendues !<\/p>\n<p><strong>Vid\u00e9o n\u00b01, Les \u00e9l\u00e9ments pour jouer au bridge :<\/strong><\/p>\n<div style=\"width: 640px;\" class=\"wp-video\"><video class=\"wp-video-shortcode\" id=\"video-2011-1\" width=\"640\" height=\"360\" preload=\"metadata\" controls=\"controls\"><source type=\"video\/mp4\" src=\"https:\/\/wasquehalbridge.com\/wp-content\/uploads\/2022\/07\/Video-n\u00b01-Les-elements-pour-jouer-au-bridge.mp4?_=1\" \/><a href=\"https:\/\/wasquehalbridge.com\/wp-content\/uploads\/2022\/07\/Video-n\u00b01-Les-elements-pour-jouer-au-bridge.mp4\">https:\/\/wasquehalbridge.com\/wp-content\/uploads\/2022\/07\/Video-n\u00b01-Les-elements-pour-jouer-au-bridge.mp4<\/a><\/video><\/div>\n<p>&nbsp;<\/p>\n<p><b>Vid\u00e9o n\u00b02, Quelles sont les r\u00e8gles de base du bridge (\u00e0 Sans-Atout) ?<\/b><\/p>\n<div style=\"width: 640px;\" class=\"wp-video\"><video class=\"wp-video-shortcode\" id=\"video-2011-2\" width=\"640\" height=\"360\" preload=\"metadata\" controls=\"controls\"><source type=\"video\/mp4\" src=\"https:\/\/wasquehalbridge.com\/wp-content\/uploads\/2022\/07\/Video-n\u00b02-Comment-se-deroule-une-partie-de-bridge-a-sans-atout.mp4?_=2\" \/><a href=\"https:\/\/wasquehalbridge.com\/wp-content\/uploads\/2022\/07\/Video-n\u00b02-Comment-se-deroule-une-partie-de-bridge-a-sans-atout.mp4\">https:\/\/wasquehalbridge.com\/wp-content\/uploads\/2022\/07\/Video-n\u00b02-Comment-se-deroule-une-partie-de-bridge-a-sans-atout.mp4<\/a><\/video><\/div>\n<p>&nbsp;<\/p>\n<p><strong>Vid\u00e9o n\u00b03, Comment \u00e9value-t-on la force de son jeu ?<\/strong><\/p>\n<div style=\"width: 640px;\" class=\"wp-video\"><video class=\"wp-video-shortcode\" id=\"video-2011-3\" width=\"640\" height=\"360\" preload=\"metadata\" controls=\"controls\"><source type=\"video\/mp4\" src=\"https:\/\/wasquehalbridge.com\/wp-content\/uploads\/2022\/07\/Video-n\u00b03-Evaluer-une-main.mp4?_=3\" \/><a href=\"https:\/\/wasquehalbridge.com\/wp-content\/uploads\/2022\/07\/Video-n\u00b03-Evaluer-une-main.mp4\">https:\/\/wasquehalbridge.com\/wp-content\/uploads\/2022\/07\/Video-n\u00b03-Evaluer-une-main.mp4<\/a><\/video><\/div>\n<p>&nbsp;<\/p>\n<p><strong>Vid\u00e9o n\u00b04, Quel est le but du jeu de bridge ?<\/strong><\/p>\n<div style=\"width: 640px;\" class=\"wp-video\"><video class=\"wp-video-shortcode\" id=\"video-2011-4\" width=\"640\" height=\"360\" preload=\"metadata\" controls=\"controls\"><source type=\"video\/mp4\" src=\"https:\/\/wasquehalbridge.com\/wp-content\/uploads\/2022\/07\/Video-n\u00b04-Le-but-du-jeu-de-bridge.mp4?_=4\" \/><a href=\"https:\/\/wasquehalbridge.com\/wp-content\/uploads\/2022\/07\/Video-n\u00b04-Le-but-du-jeu-de-bridge.mp4\">https:\/\/wasquehalbridge.com\/wp-content\/uploads\/2022\/07\/Video-n\u00b04-Le-but-du-jeu-de-bridge.mp4<\/a><\/video><\/div>\n<p>&nbsp;<\/p>\n<p><strong>Vid\u00e9o n\u00b05, Le m\u00e9canisme des ench\u00e8res :<\/strong><\/p>\n<div style=\"width: 640px;\" class=\"wp-video\"><video class=\"wp-video-shortcode\" id=\"video-2011-5\" width=\"640\" height=\"360\" preload=\"metadata\" controls=\"controls\"><source type=\"video\/mp4\" src=\"https:\/\/wasquehalbridge.com\/wp-content\/uploads\/2022\/07\/Video-n\u00b05-Le-principe-des-encheres.mp4?_=5\" \/><a href=\"https:\/\/wasquehalbridge.com\/wp-content\/uploads\/2022\/07\/Video-n\u00b05-Le-principe-des-encheres.mp4\">https:\/\/wasquehalbridge.com\/wp-content\/uploads\/2022\/07\/Video-n\u00b05-Le-principe-des-encheres.mp4<\/a><\/video><\/div>\n<p>&nbsp;<\/p>\n<p><strong>Vid\u00e9o n\u00b06, Une s\u00e9quence d&rsquo;ench\u00e8res au bridge :<\/strong><\/p>\n<div style=\"width: 640px;\" class=\"wp-video\"><video class=\"wp-video-shortcode\" id=\"video-2011-6\" width=\"640\" height=\"360\" preload=\"metadata\" controls=\"controls\"><source type=\"video\/mp4\" src=\"https:\/\/wasquehalbridge.com\/wp-content\/uploads\/2022\/07\/Video-n\u00b06-Une-sequence-denchere-au-bridge.mp4?_=6\" \/><a href=\"https:\/\/wasquehalbridge.com\/wp-content\/uploads\/2022\/07\/Video-n\u00b06-Une-sequence-denchere-au-bridge.mp4\">https:\/\/wasquehalbridge.com\/wp-content\/uploads\/2022\/07\/Video-n\u00b06-Une-sequence-denchere-au-bridge.mp4<\/a><\/video><\/div>\n<p>&nbsp;<\/p>\n<p><b>Vid\u00e9o n\u00b07, Comment se d\u00e9roule une partie de bridge avec une couleur d&rsquo;atout ?<\/b><\/p>\n<div style=\"width: 640px;\" class=\"wp-video\"><video class=\"wp-video-shortcode\" id=\"video-2011-7\" width=\"640\" height=\"360\" preload=\"metadata\" controls=\"controls\"><source type=\"video\/mp4\" src=\"https:\/\/wasquehalbridge.com\/wp-content\/uploads\/2022\/07\/Video-n\u00b07-Comment-se-deroule-une-partie-de-bridge-a-latout.mp4?_=7\" \/><a href=\"https:\/\/wasquehalbridge.com\/wp-content\/uploads\/2022\/07\/Video-n\u00b07-Comment-se-deroule-une-partie-de-bridge-a-latout.mp4\">https:\/\/wasquehalbridge.com\/wp-content\/uploads\/2022\/07\/Video-n\u00b07-Comment-se-deroule-une-partie-de-bridge-a-latout.mp4<\/a><\/video><\/div>\n<p>&nbsp;<\/p>\n<p><strong>Vid\u00e9o n\u00b08, Le r\u00f4le du mort :<\/strong><\/p>\n<div style=\"width: 640px;\" class=\"wp-video\"><video class=\"wp-video-shortcode\" id=\"video-2011-8\" width=\"640\" height=\"360\" preload=\"metadata\" controls=\"controls\"><source type=\"video\/mp4\" src=\"https:\/\/wasquehalbridge.com\/wp-content\/uploads\/2022\/07\/Video-n\u00b08-Le-role-du-mort.mp4?_=8\" \/><a href=\"https:\/\/wasquehalbridge.com\/wp-content\/uploads\/2022\/07\/Video-n\u00b08-Le-role-du-mort.mp4\">https:\/\/wasquehalbridge.com\/wp-content\/uploads\/2022\/07\/Video-n\u00b08-Le-role-du-mort.mp4<\/a><\/video><\/div>\n<p>&nbsp;<\/p>\n<h3><span style=\"color: #339966;\">3\u00b0)<\/span>\u00a0 Voici une <strong><span style=\"color: #339966;\">deuxi\u00e8me <\/span>s\u00e9rie<\/strong> de <strong><span style=\"color: #008000;\">7<\/span><\/strong> <span style=\"color: #008000;\">vid\u00e9os<\/span> courtes,<\/h3>\n<p>\u00e9labor\u00e9es par la F\u00e9d\u00e9ration Fran\u00e7aise de Bridge, et destin\u00e9es \u00e0 vous faire d\u00e9couvrir de fa\u00e7on ludique les\u00a0 principes les plus \u00e9l\u00e9mentaires de ce jeu !<\/p>\n<p><strong>J&rsquo;apprends \u00e0 jouer au bridge &#8211; \u00e9pisode 1<\/strong><\/p>\n<div style=\"width: 1280px;\" class=\"wp-video\"><video class=\"wp-video-shortcode\" id=\"video-2011-9\" width=\"1280\" height=\"720\" preload=\"metadata\" controls=\"controls\"><source type=\"video\/mp4\" src=\"https:\/\/wasquehalbridge.com\/wp-content\/uploads\/2022\/07\/Japprends-a-jouer-au-bridge-episode-1.mp4?_=9\" \/><a href=\"https:\/\/wasquehalbridge.com\/wp-content\/uploads\/2022\/07\/Japprends-a-jouer-au-bridge-episode-1.mp4\">https:\/\/wasquehalbridge.com\/wp-content\/uploads\/2022\/07\/Japprends-a-jouer-au-bridge-episode-1.mp4<\/a><\/video><\/div>\n<p>&nbsp;<\/p>\n<p><strong>J&rsquo;apprends \u00e0 jouer au bridge &#8211; \u00e9pisode 2<\/strong><\/p>\n<div style=\"width: 1280px;\" class=\"wp-video\"><video class=\"wp-video-shortcode\" id=\"video-2011-10\" width=\"1280\" height=\"720\" preload=\"metadata\" controls=\"controls\"><source type=\"video\/mp4\" src=\"https:\/\/wasquehalbridge.com\/wp-content\/uploads\/2022\/07\/Japprends-a-jouer-au-bridge-episode-2.mp4?_=10\" \/><a href=\"https:\/\/wasquehalbridge.com\/wp-content\/uploads\/2022\/07\/Japprends-a-jouer-au-bridge-episode-2.mp4\">https:\/\/wasquehalbridge.com\/wp-content\/uploads\/2022\/07\/Japprends-a-jouer-au-bridge-episode-2.mp4<\/a><\/video><\/div>\n<p>&nbsp;<\/p>\n<p><strong>J&rsquo;apprends \u00e0 jouer au bridge &#8211; \u00e9pisode 3<\/strong><\/p>\n<div style=\"width: 1280px;\" class=\"wp-video\"><video class=\"wp-video-shortcode\" id=\"video-2011-11\" width=\"1280\" height=\"720\" preload=\"metadata\" controls=\"controls\"><source type=\"video\/mp4\" src=\"https:\/\/wasquehalbridge.com\/wp-content\/uploads\/2022\/07\/Japprends-a-jouer-au-bridge-episode-3.mp4?_=11\" \/><a href=\"https:\/\/wasquehalbridge.com\/wp-content\/uploads\/2022\/07\/Japprends-a-jouer-au-bridge-episode-3.mp4\">https:\/\/wasquehalbridge.com\/wp-content\/uploads\/2022\/07\/Japprends-a-jouer-au-bridge-episode-3.mp4<\/a><\/video><\/div>\n<p>&nbsp;<\/p>\n<p><strong>J&rsquo;apprends \u00e0 jouer au bridge &#8211; \u00e9pisode 4<\/strong><\/p>\n<div style=\"width: 1280px;\" class=\"wp-video\"><video class=\"wp-video-shortcode\" id=\"video-2011-12\" width=\"1280\" height=\"720\" preload=\"metadata\" controls=\"controls\"><source type=\"video\/mp4\" src=\"https:\/\/wasquehalbridge.com\/wp-content\/uploads\/2022\/07\/Japprends-a-jouer-au-bridge-episode-4.mp4?_=12\" \/><a href=\"https:\/\/wasquehalbridge.com\/wp-content\/uploads\/2022\/07\/Japprends-a-jouer-au-bridge-episode-4.mp4\">https:\/\/wasquehalbridge.com\/wp-content\/uploads\/2022\/07\/Japprends-a-jouer-au-bridge-episode-4.mp4<\/a><\/video><\/div>\n<p>&nbsp;<\/p>\n<p><strong>J&rsquo;apprends \u00e0 jouer au bridge &#8211; \u00e9pisode 5<\/strong><\/p>\n<div style=\"width: 1280px;\" class=\"wp-video\"><video class=\"wp-video-shortcode\" id=\"video-2011-13\" width=\"1280\" height=\"720\" preload=\"metadata\" controls=\"controls\"><source type=\"video\/mp4\" src=\"https:\/\/wasquehalbridge.com\/wp-content\/uploads\/2022\/07\/Japprends-a-jouer-au-bridge-episode-5.mp4?_=13\" \/><a href=\"https:\/\/wasquehalbridge.com\/wp-content\/uploads\/2022\/07\/Japprends-a-jouer-au-bridge-episode-5.mp4\">https:\/\/wasquehalbridge.com\/wp-content\/uploads\/2022\/07\/Japprends-a-jouer-au-bridge-episode-5.mp4<\/a><\/video><\/div>\n<p>&nbsp;<\/p>\n<p><strong>J&rsquo;apprends \u00e0 jouer au bridge &#8211; \u00e9pisode 6<\/strong><\/p>\n<div style=\"width: 1280px;\" class=\"wp-video\"><video class=\"wp-video-shortcode\" id=\"video-2011-14\" width=\"1280\" height=\"720\" preload=\"metadata\" controls=\"controls\"><source type=\"video\/mp4\" src=\"https:\/\/wasquehalbridge.com\/wp-content\/uploads\/2022\/07\/Japprends-a-jouer-au-bridge-episode-6.mp4?_=14\" \/><a href=\"https:\/\/wasquehalbridge.com\/wp-content\/uploads\/2022\/07\/Japprends-a-jouer-au-bridge-episode-6.mp4\">https:\/\/wasquehalbridge.com\/wp-content\/uploads\/2022\/07\/Japprends-a-jouer-au-bridge-episode-6.mp4<\/a><\/video><\/div>\n<p>&nbsp;<\/p>\n<p><strong>J&rsquo;apprends \u00e0 jouer au bridge &#8211; \u00e9pisode 7<\/strong><\/p>\n<div style=\"width: 1280px;\" class=\"wp-video\"><video class=\"wp-video-shortcode\" id=\"video-2011-15\" width=\"1280\" height=\"720\" preload=\"metadata\" controls=\"controls\"><source type=\"video\/mp4\" src=\"https:\/\/wasquehalbridge.com\/wp-content\/uploads\/2022\/07\/Japprends-a-jouer-au-bridge-episode-7.mp4?_=15\" \/><a href=\"https:\/\/wasquehalbridge.com\/wp-content\/uploads\/2022\/07\/Japprends-a-jouer-au-bridge-episode-7.mp4\">https:\/\/wasquehalbridge.com\/wp-content\/uploads\/2022\/07\/Japprends-a-jouer-au-bridge-episode-7.mp4<\/a><\/video><\/div>\n<p>&nbsp;<\/p>\n<h3><\/h3>\n<h3><span style=\"color: #0000ff;\"><span style=\"color: #ff0000;\">4\u00b0)<\/span>\u00a0<\/span> Enfin, <strong>voici un\u00a0 \u00ab\u00a0tout petit dictionnaire\u00a0\u00bb\u00a0 <\/strong>du <span style=\"color: #ff0000;\">vocabulaire<\/span> du bridge :<\/h3>\n<ul>\n<li>Le bridge se joue avec un <strong>jeu de <span style=\"color: #0000ff;\">52 cartes<\/span><\/strong> et <strong>4 joueurs<\/strong> qu\u2019on d\u00e9signe par les points cardinaux : l&rsquo;un d&rsquo;eux s&rsquo;appellera <strong>\u00ab\u00a0Sud\u00a0\u00bb,<\/strong> \u00e0 sa gauche se trouvera <strong>\u00ab\u00a0Ouest\u00a0\u00bb,<\/strong> \u00e0 sa droite <strong>\u00ab\u00a0Est\u00a0\u00bb,<\/strong> et en face : <strong>\u00ab\u00a0Nord\u00a0\u00bb.<\/strong><br \/>\nChaque\u00a0joueur re\u00e7oit une <span style=\"color: #0000ff;\"><strong>main<\/strong><\/span> de <strong>13<\/strong> cartes, qui comprend des <span style=\"color: #0000ff;\"><strong>honneurs<\/strong><\/span> (\u00e0 savoir les cinq plus fortes cartes : l&rsquo;As, le Roi, la Dame, le Valet, et le Dix) et des <strong><span style=\"color: #0000ff;\">petites cartes<\/span><\/strong> (toutes celles du 9 au 2).<br \/>\nLes \u00ab <span style=\"color: #0000ff;\"><strong>couleurs<\/strong><\/span> \u00bb sont <strong>hi\u00e9rarchis\u00e9es<\/strong> dans l\u2019ordre croissant suivant : <span style=\"color: #008000;\"><strong>Tr\u00e8fle<\/strong><\/span> (<span style=\"color: #008000;\"><strong>\u2663<\/strong><\/span>), <span style=\"color: #ff6600;\"><strong>Carreau<\/strong><\/span> (<span style=\"color: #ff6600;\"><strong>\u2666<\/strong><\/span>), <span style=\"color: #ff0000;\"><strong>C\u0153ur<\/strong><\/span> (<span style=\"color: #ff0000;\">\u2665<\/span>), <strong>Pique<\/strong> (\u2660), et enfin au plus de la hi\u00e9rarchie : <strong>Sans Atout<\/strong> (SA en fran\u00e7ais, NT en anglais).<br \/>\nLes couleurs <span style=\"color: #008000;\"><strong>\u2663 <\/strong><\/span>et <span style=\"color: #ff6600;\"><strong>\u2666 <\/strong><\/span>sont appel\u00e9es les <strong>mineures<\/strong> (m), <span style=\"color: #ff0000;\">\u2665<\/span> et \u2660 sont les <strong>majeures<\/strong> (M).<\/li>\n<li>Le bridge oppose deux <strong>\u00e9quipes<\/strong>, l&rsquo;\u00e9quipe Nord-Sud contre l&rsquo;\u00e9quipe Est-Ouest. A un moment donn\u00e9, l\u2019une des deux \u00e9quipes se trouve en <strong>attaque<\/strong>, l\u2019autre en <strong>d\u00e9fense.<\/strong> Le jeu pour l\u2019\u00e9quipe en attaque consiste \u00e0 <strong>r\u00e9aliser<\/strong> un certain nombre de <strong>lev\u00e9es<\/strong> (ou <strong>plis<\/strong>) annonc\u00e9 \u00e0 l\u2019avance (cet objectif annonc\u00e9 s\u2019appelle un <strong>contrat<\/strong>). Et pour l&rsquo;\u00e9quipe adverse,\u00a0\u00e0 battre ou <strong>faire chuter,<\/strong> c\u2019est-\u00e0-dire \u00e0 emp\u00eacher la r\u00e9alisation de ce contrat.\n<p style=\"text-align: center;\"><span style=\"color: #0000ff;\"><strong><br \/>\nIl n\u2019y a qu\u2019un seul imp\u00e9ratif au bridge :<\/strong> <strong>fournir la couleur demand\u00e9e<\/strong><\/span><br \/>\n(celle de la premi\u00e8re carte jou\u00e9e sur la lev\u00e9e) si l\u2019on en a.<br \/>\n<span style=\"color: #008000;\"><strong>C&rsquo;est la seule r\u00e8gle du jeu de bridge !<\/strong><\/span><\/p>\n<p>Pour en savoir plus, <span style=\"color: #0000ff;\">cliquez ici : \u2192<\/span>\u00a0 <span style=\"color: #0000ff;\"><strong><em><a style=\"color: #0000ff;\" href=\"https:\/\/wasquehalbridge.com\/wp-content\/uploads\/2024\/09\/Tout-petit-dictionnaire-du-vocabulaire-du-bridge.pdf\" target=\"_blank\" rel=\"noopener\">Tout petit dictionnaire du vocabulaire du bridge<\/a><\/em><\/strong><\/span><br \/>\nPour en savoir plus encore, <span style=\"color: #008000;\">cliquez ici : \u2192<\/span>\u00a0 <span style=\"color: #008000;\"><strong><em><a style=\"color: #008000;\" href=\"https:\/\/wasquehalbridge.com\/wp-content\/uploads\/2024\/09\/Ba-ba-bridge.pdf\" target=\"_blank\" rel=\"noopener\">B.A. -Ba du bridge<\/a><\/em><\/strong><\/span><\/li>\n<\/ul>\n","protected":false},"excerpt":{"rendered":"<p>Vous ne connaissez rien au jeu de bridge ? \u2026 Rien du tout ? Alors bienvenue \ud83d\ude0a ! &#8230;\u00a0 et voici quelques vid\u00e9os et documents pour vous initier : &nbsp; 1\u00b0)\u00a0 Vous pouvez visionner ce tuto interactif gratuit (propos\u00e9 par l&rsquo;Universit\u00e9 du Bridge) et ainsi jouer vos toutes premi\u00e8res donnes ! Cliquez sur ce lien<br \/><a class=\"moretag\" href=\"https:\/\/wasquehalbridge.com\/index.php\/le-coin-du-grand-debutant\/\">+ Read More<\/a><\/p>\n","protected":false},"author":1,"featured_media":2039,"parent":0,"menu_order":0,"comment_status":"closed","ping_status":"closed","template":"","meta":{"footnotes":""},"class_list":["post-2011","page","type-page","status-publish","has-post-thumbnail","hentry"],"_links":{"self":[{"href":"https:\/\/wasquehalbridge.com\/index.php\/wp-json\/wp\/v2\/pages\/2011","targetHints":{"allow":["GET"]}}],"collection":[{"href":"https:\/\/wasquehalbridge.com\/index.php\/wp-json\/wp\/v2\/pages"}],"about":[{"href":"https:\/\/wasquehalbridge.com\/index.php\/wp-json\/wp\/v2\/types\/page"}],"author":[{"embeddable":true,"href":"https:\/\/wasquehalbridge.com\/index.php\/wp-json\/wp\/v2\/users\/1"}],"replies":[{"embeddable":true,"href":"https:\/\/wasquehalbridge.com\/index.php\/wp-json\/wp\/v2\/comments?post=2011"}],"version-history":[{"count":29,"href":"https:\/\/wasquehalbridge.com\/index.php\/wp-json\/wp\/v2\/pages\/2011\/revisions"}],"predecessor-version":[{"id":3475,"href":"https:\/\/wasquehalbridge.com\/index.php\/wp-json\/wp\/v2\/pages\/2011\/revisions\/3475"}],"wp:featuredmedia":[{"embeddable":true,"href":"https:\/\/wasquehalbridge.com\/index.php\/wp-json\/wp\/v2\/media\/2039"}],"wp:attachment":[{"href":"https:\/\/wasquehalbridge.com\/index.php\/wp-json\/wp\/v2\/media?parent=2011"}],"curies":[{"name":"wp","href":"https:\/\/api.w.org\/{rel}","templated":true}]}}