{"id":2787,"date":"2023-09-04T17:15:41","date_gmt":"2023-09-04T17:15:41","guid":{"rendered":"https:\/\/wasquehalbridge.com\/?page_id=2787"},"modified":"2023-09-04T18:01:04","modified_gmt":"2023-09-04T18:01:04","slug":"cahiers-de-jeu","status":"publish","type":"page","link":"https:\/\/wasquehalbridge.com\/index.php\/documents-utiles\/cahiers-de-jeu\/","title":{"rendered":"Cahiers de jeux"},"content":{"rendered":"<p><img fetchpriority=\"high\" decoding=\"async\" class=\"alignnone wp-image-2802\" src=\"https:\/\/wasquehalbridge.com\/wp-content\/uploads\/2023\/09\/Cahier-de-jeux.png\" alt=\"\" width=\"517\" height=\"277\" srcset=\"https:\/\/wasquehalbridge.com\/wp-content\/uploads\/2023\/09\/Cahier-de-jeux.png 696w, https:\/\/wasquehalbridge.com\/wp-content\/uploads\/2023\/09\/Cahier-de-jeux-300x161.png 300w\" sizes=\"(max-width: 517px) 100vw, 517px\" \/><\/p>\n<p><strong>S\u2019entra\u00eener,<\/strong> se perfectionner et surtout <strong>s\u2019amuser<\/strong> !<br \/>\nCes cahiers de jeu (propos\u00e9s par la revue \u00ab\u00a0L&rsquo;As de Tr\u00e8fle\u00a0\u00bb) sont divis\u00e9s en cinq parties qui peuvent, chacune, rapporter jusqu\u2019\u00e0 20 points : la bonne ench\u00e8re, la bonne main, la bonne entame, la bonne ligne,<br \/>\nle bon flanc. Vous avez ainsi un r\u00e9sultat \u00ab\u00a0sur 100\u00a0\u00bb, un % de r\u00e9ussite \ud83d\ude0a\u00a0 \u2026<br \/>\nChaque exercice est cot\u00e9 de une \u00e9toile \u00e0 trois \u00e9toiles en fonction de sa <strong>difficult\u00e9.<\/strong><br \/>\nLa formule retenue est celle du <strong>match par 4<\/strong>.<\/p>\n<ul>\n<li>Cahier de jeux de <strong>Mai 2018<\/strong>\u00a0 :<br \/>\n<em>Cliquez ici \u2192\u00a0 <span style=\"color: #0000ff;\"><a style=\"color: #0000ff;\" href=\"https:\/\/wasquehalbridge.com\/wp-content\/uploads\/2023\/09\/AdT-Cahier-de-jeux-Mai-2018.pdf\" target=\"_blank\" rel=\"noopener\">AdT-Cahier-de-jeux-Mai-2018.pdf<\/a><\/span><\/em><\/li>\n<li>Cahier de jeux de <strong>D\u00e9cembre 2020<\/strong>\u00a0 :<br \/>\n<em>Cliquez ici \u2192\u00a0 <span style=\"color: #0000ff;\"><a style=\"color: #0000ff;\" href=\"https:\/\/wasquehalbridge.com\/wp-content\/uploads\/2023\/09\/AdT-Cahier-de-jeux-Decembre-2020.pdf\" target=\"_blank\" rel=\"noopener\">AdT-Cahier-de-jeux-Decembre-2020.pdf<\/a><\/span><\/em><\/li>\n<li>Cahier de jeux<strong> n\u00b01<\/strong>\u00a0 :<br \/>\n<em>Cliquez ici \u2192\u00a0 \u00a0<span style=\"color: #0000ff;\"><a style=\"color: #0000ff;\" href=\"https:\/\/wasquehalbridge.com\/wp-content\/uploads\/2023\/09\/AdT-Cahier-de-jeux-n\u00b01-Decembre-2021.pdf\" target=\"_blank\" rel=\"noopener\">AdT-Cahier-de-jeux-n\u00b01-Decembre-2021.pdf<\/a>\u00a0<\/span><\/em><\/li>\n<li>Cahier de jeux <strong>n\u00b02\u00a0<\/strong> :<br \/>\n<em>Cliquez ici \u2192\u00a0 <span style=\"color: #0000ff;\">\u00a0<a style=\"color: #0000ff;\" href=\"https:\/\/wasquehalbridge.com\/wp-content\/uploads\/2023\/09\/AdT-Cahier-de-jeux-n\u00b02-Avril-2022.pdf\" target=\"_blank\" rel=\"noopener\">AdT-Cahier-de-jeux-n\u00b02-Avril-2022.pdf<\/a><\/span><\/em><\/li>\n<li>Cahier de jeux <strong>n\u00b03\u00a0<\/strong> :<br \/>\n<em>Cliquez ici \u2192\u00a0 <span style=\"color: #0000ff;\"><a style=\"color: #0000ff;\" href=\"https:\/\/wasquehalbridge.com\/wp-content\/uploads\/2023\/09\/AdT-Cahier-de-jeux-n\u00b03-Juin-2022.pdf\" target=\"_blank\" rel=\"noopener\">AdT-Cahier-de-jeux-n\u00b03-Juin-2022.pdf<\/a><\/span><\/em><\/li>\n<li>Cahier de jeux <strong>n\u00b04<\/strong>\u00a0 :<br \/>\n<em>Cliquez ici \u2192\u00a0 <span style=\"color: #0000ff;\"><a style=\"color: #0000ff;\" href=\"https:\/\/wasquehalbridge.com\/wp-content\/uploads\/2023\/09\/AdT-Cahier-de-jeux-n\u00b04-Decembre-2022.pdf\" target=\"_blank\" rel=\"noopener\">AdT-Cahier-de-jeux-n\u00b04-Decembre-2022.pdf<\/a><\/span><\/em><\/li>\n<li>Cahier de jeux <strong>n\u00b05<\/strong>\u00a0 :<br \/>\n<em>Cliquez ici \u2192\u00a0<span style=\"color: #0000ff;\"> <a style=\"color: #0000ff;\" href=\"https:\/\/wasquehalbridge.com\/wp-content\/uploads\/2023\/09\/AdT-Cahier-de-jeux-n\u00b05-Fevrier-2023.pdf\" target=\"_blank\" rel=\"noopener\">AdT-Cahier-de-jeux-n\u00b05-Fevrier-2023.pdf<\/a><\/span><\/em><\/li>\n<li>Cahier de jeux <strong>n\u00b06<\/strong>\u00a0 :<br \/>\n<em>Cliquez ici \u2192\u00a0 \u00a0<span style=\"color: #0000ff;\"><a style=\"color: #0000ff;\" href=\"https:\/\/wasquehalbridge.com\/wp-content\/uploads\/2023\/09\/AdT-Cahier-de-jeux-n\u00b06-Juillet-2023.pdf\" target=\"_blank\" rel=\"noopener\">AdT-Cahier-de-jeux-n\u00b06-Juillet-2023.pdf<\/a><\/span><\/em><\/li>\n<li><\/li>\n<\/ul>\n","protected":false},"excerpt":{"rendered":"<p>S\u2019entra\u00eener, se perfectionner et surtout s\u2019amuser ! Ces cahiers de jeu (propos\u00e9s par la revue \u00ab\u00a0L&rsquo;As de Tr\u00e8fle\u00a0\u00bb) sont divis\u00e9s en cinq parties qui peuvent, chacune, rapporter jusqu\u2019\u00e0 20 points : la bonne ench\u00e8re, la bonne main, la bonne entame, la bonne ligne, le bon flanc. Vous avez ainsi un r\u00e9sultat \u00ab\u00a0sur 100\u00a0\u00bb, un %<br \/><a class=\"moretag\" href=\"https:\/\/wasquehalbridge.com\/index.php\/documents-utiles\/cahiers-de-jeu\/\">+ Read More<\/a><\/p>\n","protected":false},"author":1,"featured_media":0,"parent":467,"menu_order":0,"comment_status":"closed","ping_status":"closed","template":"","meta":{"footnotes":""},"class_list":["post-2787","page","type-page","status-publish","hentry"],"_links":{"self":[{"href":"https:\/\/wasquehalbridge.com\/index.php\/wp-json\/wp\/v2\/pages\/2787","targetHints":{"allow":["GET"]}}],"collection":[{"href":"https:\/\/wasquehalbridge.com\/index.php\/wp-json\/wp\/v2\/pages"}],"about":[{"href":"https:\/\/wasquehalbridge.com\/index.php\/wp-json\/wp\/v2\/types\/page"}],"author":[{"embeddable":true,"href":"https:\/\/wasquehalbridge.com\/index.php\/wp-json\/wp\/v2\/users\/1"}],"replies":[{"embeddable":true,"href":"https:\/\/wasquehalbridge.com\/index.php\/wp-json\/wp\/v2\/comments?post=2787"}],"version-history":[{"count":5,"href":"https:\/\/wasquehalbridge.com\/index.php\/wp-json\/wp\/v2\/pages\/2787\/revisions"}],"predecessor-version":[{"id":2804,"href":"https:\/\/wasquehalbridge.com\/index.php\/wp-json\/wp\/v2\/pages\/2787\/revisions\/2804"}],"up":[{"embeddable":true,"href":"https:\/\/wasquehalbridge.com\/index.php\/wp-json\/wp\/v2\/pages\/467"}],"wp:attachment":[{"href":"https:\/\/wasquehalbridge.com\/index.php\/wp-json\/wp\/v2\/media?parent=2787"}],"curies":[{"name":"wp","href":"https:\/\/api.w.org\/{rel}","templated":true}]}}