{"id":457,"date":"2021-09-28T13:58:45","date_gmt":"2021-09-28T13:58:45","guid":{"rendered":"https:\/\/wasquehalbridge.com\/?page_id=457"},"modified":"2024-06-18T05:28:19","modified_gmt":"2024-06-18T05:28:19","slug":"contact-et-plan","status":"publish","type":"page","link":"https:\/\/wasquehalbridge.com\/index.php\/contact-et-plan\/","title":{"rendered":"Plan &#038; Acc\u00e8s"},"content":{"rendered":"\t\t<div data-elementor-type=\"wp-page\" data-elementor-id=\"457\" class=\"elementor elementor-457\">\n\t\t\t\t\t\t<section class=\"elementor-section elementor-top-section elementor-element elementor-element-721a1606 elementor-section-boxed elementor-section-height-default elementor-section-height-default\" data-id=\"721a1606\" data-element_type=\"section\" data-e-type=\"section\">\n\t\t\t\t\t\t<div class=\"elementor-container elementor-column-gap-default\">\n\t\t\t\t\t<div class=\"elementor-column elementor-col-100 elementor-top-column elementor-element elementor-element-6c187d36\" data-id=\"6c187d36\" data-element_type=\"column\" data-e-type=\"column\">\n\t\t\t<div class=\"elementor-widget-wrap elementor-element-populated\">\n\t\t\t\t\t\t<div class=\"elementor-element elementor-element-3f984223 elementor-widget elementor-widget-text-editor\" data-id=\"3f984223\" data-element_type=\"widget\" data-e-type=\"widget\" data-widget_type=\"text-editor.default\">\n\t\t\t\t<div class=\"elementor-widget-container\">\n\t\t\t\t\t\t\t\t\t<h2><span style=\"color: #0000ff;\"><strong>Informations\u00a0<\/strong><\/span><\/h2><pre><strong>Adresse<\/strong> : 14 Place Gambetta 59290 Wasquehal.\n\n<strong>T\u00e9l\u00e9phone<\/strong> : 03.20.72.88.66\n\n<strong>E-Mail<\/strong> : bridgewasquehal@free.fr<\/pre><p>\u00a0<\/p><h2><span style=\"color: #0000ff;\">Plan<\/span><\/h2><p>Vous pouvez cliquer sur le plan ci-dessous :<\/p><p><style>\/*! elementor - v3.9.0 - 06-12-2022 *\/<br \/>.elementor-widget-google_maps .elementor-widget-container{overflow:hidden}.elementor-widget-google_maps iframe{height:300px}<\/style><\/p><p><iframe title=\"Maison du Bridge de Wasquehal\" src=\"https:\/\/maps.google.com\/maps?q=Maison%20du%20Bridge%20de%20Wasquehal&amp;t=m&amp;z=12&amp;output=embed&amp;iwloc=near\" frameborder=\"0\" marginwidth=\"0\" marginheight=\"0\" scrolling=\"no\" aria-label=\"Maison du Bridge de Wasquehal\"><\/iframe><\/p><h2><span style=\"color: #0000ff;\">Nous rejoindre &#8230;\u00a0 en voiture<\/span><\/h2><p>Si vous arrivez <strong>de Paris<\/strong> par<strong> l&rsquo;autoroute A1<\/strong> :<\/p><p><strong style=\"color: var( --e-global-color-text ); font-family: var( --e-global-typography-text-font-family ), Sans-serif;\">\u2022<\/strong><span style=\"color: var( --e-global-color-text ); font-family: var( --e-global-typography-text-font-family ), Sans-serif; font-weight: var( --e-global-typography-text-font-weight );\">\u00a0 Juste avant d&rsquo;arriver \u00e0 Lille : <\/span><strong style=\"color: var( --e-global-color-text ); font-family: var( --e-global-typography-text-font-family ), Sans-serif;\">direction A22, <\/strong><span style=\"color: var( --e-global-color-text ); font-family: var( --e-global-typography-text-font-family ), Sans-serif; font-weight: var( --e-global-typography-text-font-weight );\">et suivre <\/span><strong style=\"color: var( --e-global-color-text ); font-family: var( --e-global-typography-text-font-family ), Sans-serif;\">Roubaix N227<\/strong><\/p><p><strong style=\"color: var( --e-global-color-text ); font-family: var( --e-global-typography-text-font-family ), Sans-serif;\">\u2022\u00a0 <\/strong><span style=\"color: var( --e-global-color-text ); font-family: var( --e-global-typography-text-font-family ), Sans-serif; font-weight: var( --e-global-typography-text-font-weight );\">Roulez environ 10 Kilom\u00e8tres <\/span><strong style=\"color: var( --e-global-color-text ); font-family: var( --e-global-typography-text-font-family ), Sans-serif;\">direction \u00ab\u00a0Gand &#8211; Tourcoing\u00a0\u00bb,\u00a0<br \/><\/strong><span style=\"color: var( --e-global-color-text ); font-family: var( --e-global-typography-text-font-family ), Sans-serif; font-weight: var( --e-global-typography-text-font-weight );\">et prenez la<\/span><strong style=\"color: var( --e-global-color-text ); font-family: var( --e-global-typography-text-font-family ), Sans-serif;\"> sortie n\u00b011 \u00ab\u00a0Wasquehal\u00a0\u00bb,<\/strong><span style=\"color: var( --e-global-color-text ); font-family: var( --e-global-typography-text-font-family ), Sans-serif; font-weight: var( --e-global-typography-text-font-weight );\"> puis la <\/span><strong style=\"color: var( --e-global-color-text ); font-family: var( --e-global-typography-text-font-family ), Sans-serif;\">sortie n\u00b07 \u00ab\u00a0Noir Bonnet\u00a0\u00bb\u00a0<\/strong><strong style=\"color: var( --e-global-color-text ); font-family: var( --e-global-typography-text-font-family ), Sans-serif;\"><br \/><\/strong><\/p><p><strong style=\"color: var( --e-global-color-text ); font-family: var( --e-global-typography-text-font-family ), Sans-serif;\">\u2022\u00a0 <\/strong><span style=\"color: var( --e-global-color-text ); font-family: var( --e-global-typography-text-font-family ), Sans-serif; font-weight: var( --e-global-typography-text-font-weight );\">Passez \u00e0 cot\u00e9 du Dojo, franchissez le canal, et au bout de cette rue : tournez \u00e0 droite<\/span><\/p><p><strong style=\"color: var( --e-global-color-text ); font-family: var( --e-global-typography-text-font-family ), Sans-serif;\">\u2022<\/strong><span style=\"color: var( --e-global-color-text ); font-family: var( --e-global-typography-text-font-family ), Sans-serif; font-weight: var( --e-global-typography-text-font-weight );\">\u00a0 Une petite centaine de m\u00e8tres, et le club est sur votre gauche !<\/span><\/p><p>De plus, vous disposez d&rsquo;un <strong>parking <\/strong>derri\u00e8re le club.<\/p><h2><span style=\"color: #008000;\">Nous rejoindre &#8230; \u00e0 pied<\/span><\/h2><div><strong style=\"color: var( --e-global-color-text ); font-family: var( --e-global-typography-text-font-family ), Sans-serif;\">\u2022\u00a0 <\/strong><span style=\"color: var( --e-global-color-text ); font-family: var( --e-global-typography-text-font-family ), Sans-serif; font-weight: var( --e-global-typography-text-font-weight );\">Prenez la ligne de m\u00e9tro <\/span><b style=\"color: var( --e-global-color-text ); font-family: var( --e-global-typography-text-font-family ), Sans-serif;\">M2<\/b><span style=\"color: var( --e-global-color-text ); font-family: var( --e-global-typography-text-font-family ), Sans-serif; font-weight: var( --e-global-typography-text-font-weight );\">, et descendez \u00e0 la station\u00a0 <\/span><b style=\"color: var( --e-global-color-text ); font-family: var( --e-global-typography-text-font-family ), Sans-serif;\">\u00ab\u00a0<\/b><b style=\"color: var( --e-global-color-text ); font-family: var( --e-global-typography-text-font-family ), Sans-serif;\">Wasquehal &#8211; H\u00f4tel de Ville\u00a0\u00bb<\/b><span style=\"color: var( --e-global-color-text ); font-family: var( --e-global-typography-text-font-family ), Sans-serif; font-weight: var( --e-global-typography-text-font-weight );\">.<\/span><span style=\"color: var( --e-global-color-text ); font-family: var( --e-global-typography-text-font-family ), Sans-serif; font-weight: var( --e-global-typography-text-font-weight );\"><br \/><\/span><strong style=\"color: var( --e-global-color-text ); font-family: var( --e-global-typography-text-font-family ), Sans-serif;\">\u2022\u00a0 <\/strong><span style=\"color: var( --e-global-color-text ); font-family: var( --e-global-typography-text-font-family ), Sans-serif; font-weight: var( --e-global-typography-text-font-weight );\">Puis 650 m\u00e8tres \u00e0 pied (8 min) en suivant le plan ci-dessous &#8230; et vous y \u00eates\u00a0 !<\/span><\/div><p><img fetchpriority=\"high\" decoding=\"async\" class=\"\" src=\"https:\/\/wasquehalbridge.com\/wp-content\/uploads\/2022\/12\/Metro-Wasquehal-2.png\" alt=\"\" width=\"431\" height=\"553\" \/><\/p><h2><span style=\"color: #0000ff;\">H\u00f4tels \u00e0 proximit\u00e9<\/span><\/h2><p>Cliquez ici : \u2192 <a role=\"button\" href=\"https:\/\/wasquehalbridge.com\/wp-content\/uploads\/2022\/01\/HOTELS.pdf\" target=\"_blank\" rel=\"noopener\"><span style=\"color: #0000ff;\"><em><strong>H\u00f4tel<\/strong><\/em><\/span><br \/><\/a><\/p>\t\t\t\t\t\t\t\t<\/div>\n\t\t\t\t<\/div>\n\t\t\t\t\t<\/div>\n\t\t<\/div>\n\t\t\t\t\t<\/div>\n\t\t<\/section>\n\t\t\t\t<\/div>\n\t\t","protected":false},"excerpt":{"rendered":"<p>Informations\u00a0 Adresse : 14 Place Gambetta 59290 Wasquehal. T\u00e9l\u00e9phone : 03.20.72.88.66 E-Mail : bridgewasquehal@free.fr \u00a0 Plan Vous pouvez cliquer sur le plan ci-dessous : Nous rejoindre &#8230;\u00a0 en voiture Si vous arrivez de Paris par l&rsquo;autoroute A1 : \u2022\u00a0 Juste avant d&rsquo;arriver \u00e0 Lille : direction A22, et suivre Roubaix N227 \u2022\u00a0 Roulez environ 10<br \/><a class=\"moretag\" href=\"https:\/\/wasquehalbridge.com\/index.php\/contact-et-plan\/\">+ Read More<\/a><\/p>\n","protected":false},"author":1,"featured_media":0,"parent":0,"menu_order":0,"comment_status":"closed","ping_status":"closed","template":"templates\/page-fullwidth_template.php","meta":{"footnotes":""},"class_list":["post-457","page","type-page","status-publish","hentry"],"_links":{"self":[{"href":"https:\/\/wasquehalbridge.com\/index.php\/wp-json\/wp\/v2\/pages\/457","targetHints":{"allow":["GET"]}}],"collection":[{"href":"https:\/\/wasquehalbridge.com\/index.php\/wp-json\/wp\/v2\/pages"}],"about":[{"href":"https:\/\/wasquehalbridge.com\/index.php\/wp-json\/wp\/v2\/types\/page"}],"author":[{"embeddable":true,"href":"https:\/\/wasquehalbridge.com\/index.php\/wp-json\/wp\/v2\/users\/1"}],"replies":[{"embeddable":true,"href":"https:\/\/wasquehalbridge.com\/index.php\/wp-json\/wp\/v2\/comments?post=457"}],"version-history":[{"count":117,"href":"https:\/\/wasquehalbridge.com\/index.php\/wp-json\/wp\/v2\/pages\/457\/revisions"}],"predecessor-version":[{"id":3300,"href":"https:\/\/wasquehalbridge.com\/index.php\/wp-json\/wp\/v2\/pages\/457\/revisions\/3300"}],"wp:attachment":[{"href":"https:\/\/wasquehalbridge.com\/index.php\/wp-json\/wp\/v2\/media?parent=457"}],"curies":[{"name":"wp","href":"https:\/\/api.w.org\/{rel}","templated":true}]}}